{"id":4,"date":"2019-01-01T15:36:46","date_gmt":"2019-01-01T15:36:46","guid":{"rendered":"http:\/\/harmolesque.lfaf.de\/?page_id=4"},"modified":"2019-01-01T16:19:02","modified_gmt":"2019-01-01T16:19:02","slug":"home","status":"publish","type":"page","link":"https:\/\/harmolesque.lfaf.de\/","title":{"rendered":"HOME"},"content":{"rendered":"\n<p>Hallo, wir sind Harmolesque. Wir schreiben und komponieren unsere eigenen Lieder. Auf den folgenden Seiten k\u00f6nnt Ihr mehr \u00fcber uns und unsere Musik erfahren.           <\/p>\n\n\n\n<div class=\"wp-block-image\"><figure class=\"aligncenter is-resized\"><img decoding=\"async\" loading=\"lazy\" src=\"https:\/\/harmolesque.lfaf.de\/wp-content\/uploads\/2019\/01\/absatz.gif\" alt=\"\" class=\"wp-image-21\" width=\"49\" height=\"45\"\/><\/figure><\/div>\n\n\n\n<h2><strong>Was bedeutet eigentlich Harmolesque?<\/strong> <\/h2>\n\n\n\n<p style=\"text-align:left\"> Eine zeitlang haben wir uns <strong>A teethfull mouth<\/strong> genannt, da die Tochter unserer S\u00e4ngerin wieder Z\u00e4hne kriegte. Nachdem sich jedoch herausstellte, dass dies ein ziemlicher Zungenbrecher ist, suchten wir nach einem neuen Namen.<\/p>\n\n\n\n<p>Harmolesque ist eine Verschmelzung von Harmonie und Burlesque. Harmonie steht f\u00fcr unsere harmonischen Arrangements. Burlesque steht f\u00fcr die musikalische Umsetzung unserere Texte.   Eine zweite, offiziell jedoch nicht best\u00e4tigte Definition glaubt, dass es sich hier um den Versuch von durch Rechtschreibfehler getarnte Molusken handelt, die auch mal harmonisch klappern wollen.<\/p>\n","protected":false},"excerpt":{"rendered":"<p>Hallo, wir sind Harmolesque. Wir schreiben und komponieren unsere eigenen Lieder. Auf den folgenden Seiten k\u00f6nnt Ihr mehr \u00fcber uns und unsere Musik erfahren. Was bedeutet eigentlich Harmolesque? Eine zeitlang haben wir uns A teethfull mouth genannt, da die Tochter unserer S\u00e4ngerin wieder Z\u00e4hne kriegte. Nachdem sich jedoch herausstellte, dass dies ein ziemlicher Zungenbrecher ist, &hellip; <\/p>\n<p class=\"link-more\"><a href=\"https:\/\/harmolesque.lfaf.de\/\" class=\"more-link\"><span class=\"screen-reader-text\">&#8222;HOME&#8220;<\/span> weiterlesen<\/a><\/p>\n","protected":false},"author":1,"featured_media":0,"parent":0,"menu_order":0,"comment_status":"closed","ping_status":"closed","template":"","meta":[],"_links":{"self":[{"href":"https:\/\/harmolesque.lfaf.de\/index.php?rest_route=\/wp\/v2\/pages\/4"}],"collection":[{"href":"https:\/\/harmolesque.lfaf.de\/index.php?rest_route=\/wp\/v2\/pages"}],"about":[{"href":"https:\/\/harmolesque.lfaf.de\/index.php?rest_route=\/wp\/v2\/types\/page"}],"author":[{"embeddable":true,"href":"https:\/\/harmolesque.lfaf.de\/index.php?rest_route=\/wp\/v2\/users\/1"}],"replies":[{"embeddable":true,"href":"https:\/\/harmolesque.lfaf.de\/index.php?rest_route=%2Fwp%2Fv2%2Fcomments&post=4"}],"version-history":[{"count":3,"href":"https:\/\/harmolesque.lfaf.de\/index.php?rest_route=\/wp\/v2\/pages\/4\/revisions"}],"predecessor-version":[{"id":31,"href":"https:\/\/harmolesque.lfaf.de\/index.php?rest_route=\/wp\/v2\/pages\/4\/revisions\/31"}],"wp:attachment":[{"href":"https:\/\/harmolesque.lfaf.de\/index.php?rest_route=%2Fwp%2Fv2%2Fmedia&parent=4"}],"curies":[{"name":"wp","href":"https:\/\/api.w.org\/{rel}","templated":true}]}}